n + 2*u = -18, -3*u - 51 = 3*n - q*u. Let y = -18 - n. Give g(y).
-4
Let a(v) be the third derivative of -2*v**5/15 + v**4/8 - v**3/2 - v**2 + 85*v. Determine a(2).
-29
Let y(g) = -2*g + 6. Let x be y(2). Let a(q) = 3*q + q - x*q + 4 + 3. What is a(-5)?
-3
Let m(n) be the second derivative of n**5/20 - n**4/4 - 7*n**3/6 + 3*n**2 + 7*n. Let i(u) = -4 + 3 + u - u**2 + 5 - 7*u. Let w be i(-6). Give m(w).
-6
Suppose 0 = -0*b + 2*b + 24. Let t be ((-15)/4)/(b/(-32)). Let g = t - -6. Let c(j) = -j**2 - 7*j - 6. Calculate c(g).
6
Let b(y) be the second derivative of -y**5/20 - 11*y**4/12 - 2*y**3 - 11*y**2/2 + 2*y - 8. Give b(-10).
9
Suppose -3*h - 28 + 88 = 0. Let t = 40 - h. Let d = t - 21. Let k(r) = -5*r**3 + 2*r**2 + r. Calculate k(d).
6
Suppose -2*j - 5*n = 6, -5*j - 3*n + 8 - 4 = 0. Let f(q) = -5*q**2 + 5*q - 4. Determine f(j).
-14
Let o(b) = -19*b + 29. Let c(k) = -69*k + 102. Let w(y) = -5*c(y) + 18*o(y). What is w(-5)?
-3
Let k(t) = 2*t**2 + 1 - 1 + t**3 - 3 - 1 - 4*t. Determine k(-3).
-1
Let q(c) = -c**3 - 4*c**2 - 5*c - 6. Let r be q(-3). Let j(y) be the first derivative of y**3/3 - 4*y - 1. What is j(r)?
-4
Let n(r) = r + 8. Let p be -1 - 1 - 30/(-10). Suppose 0 = -3*v + 8 + p. Let h be (v/6)/(1/(-8)). Determine n(h).
4
Let a(c) = -c**3 + 3*c**2 + 3*c - 4. Let u be a(2). Let f(n) = -10 - 2*n + 4 + 5 + 4. Calculate f(u).
-9
Let b(z) be the second derivative of z**3/6 - 3*z**2/2 - 102*z. Calculate b(10).
7
Let b(c) = -1 + c - 6*c - 2. Let l(t) = -t**2 + 10*t + 17. Let q be l(9). Suppose -16 = -5*w - q. What is b(w)?
7
Let m(g) = -3*g**2 - g + 10. Let f be (-156)/26 + 2*1. Let r(x) = -x**2 + x + 1. Let i(p) = f*r(p) + m(p). Determine i(4).
2
Let i(w) be the first derivative of w**4/4 + 4*w**3 + w**2 + 17*w - 454. Calculate i(-12).
-7
Suppose -4*q - 2*b = 24 - 6, 0 = -5*q + 4*b - 42. Let h(y) = -2 + y - 5 + 4 + 3 + 2. Give h(q).
-4
Let v(x) = 0 + 6*x**2 + 108*x**3 - 7*x - 6 - 52*x**3 - 55*x**3. Let c(q) = q**3 + 5*q**2 - 6*q - 7. Let o be c(-6). Give v(o).
-6
Let j(c) = c**2 + 1. Suppose p - 21 = -5*i, 3*i + 2*p = 10 + 4. Let u be (10 - (-1 + 1)) + -8. Let a be (-4*1)/(u - i). Give j(a).
5
Let u(q) = q**2 - 6*q + 4. Suppose 8*s - 8 = 4*s. Let x(l) = -2*l**2 + 13*l - 8. Let a(f) = s*x(f) + 5*u(f). Suppose -3*o + 8 = -o. What is a(o)?
4
Suppose 52 = -11*k - 3. Let b(m) be the third derivative of -1/2*m**3 + 0 + 0*m + m**2 + 1/24*m**4. Calculate b(k).
-8
Let m(p) be the second derivative of -p**3/6 + 11*p**2/2 - 7*p + 1. Determine m(7).
4
Let q(o) = -2*o**2 + o. Let y(b) = b**3 - 6*b + 5. Let z be y(2). Give q(z).
-1
Let u = -2 + 3. Let b(q) = -931 + 3*q + 1863 - 932. Calculate b(u).
3
Let b(i) be the first derivative of 5*i**2/2 - 9*i + 213. Calculate b(-6).
-39
Let j(a) = -a**2 - 6*a - 3. Suppose -3*h = -z + 12, h - 1 = -2*z + 9. Let d = z - 12. Determine j(d).
-3
Let p(z) = -z**2 + 7*z - 3. Let x(c) = -2*c**3 - 14*c**2 - c - 3. Let h be x(-7). Let s be h - (-1 + (-5 - -4)). Give p(s).
3
Suppose 3*i + 16 = -2. Let c(a) be the first derivative of a**5/60 + a**4/8 + 40*a**3/3 + 22. Let n(x) be the third derivative of c(x). Give n(i).
-9
Let f(p) = 6*p + 6. Let i(s) = -s + 2*s - 3*s + s. Let q(d) = f(d) + 4*i(d). Give q(-6).
-6
Let p(r) be the third derivative of -r**5/60 - 7*r**4/24 - 2*r**3/3 + 3*r**2. Let y(u) = u**3 + 8*u**2 + 5*u - 2. Let o be y(-8). Let l = -49 - o. What is p(l)?
-4
Let q be (0/(-3 - -4))/(-2). Let u be (-1 - -2) + (9 - 2). Let i(v) = 4*v + 5. Let z(m) = -11*m - 14. Let g(w) = u*i(w) + 3*z(w). Determine g(q).
-2
Suppose -3*i = 3*i + 24. Let c be i - (-1 + -4) - -12. Suppose -18*y = -c*y + 15. Let u(q) = q**2 + 5*q + 3. What is u(y)?
-3
Let u(t) = 2*t**3 + t**2 + t + 2. Let j(q) = -9*q**3 - 6*q**2 - 5*q + 11. Let c(o) = j(o) + 5*u(o). Determine c(0).
21
Let r be 276/184 + 30/(-4). Let h(i) = -4*i + 2. Give h(r).
26
Let c be 178/20 + (-38)/(-380). Let o(x) = -x**3 + 9*x**2 + 2*x - 8. What is o(c)?
10
Let b = 49 - 44. Let c(j) = 15*j**3 - 8*j**2 + 5*j. Let k(d) = -7*d**3 + 4*d**2 - 2*d. Let q(l) = -6*c(l) - 13*k(l). Determine q(b).
5
Let r(v) be the third derivative of -v**6/120 - v**5/20 + 5*v**4/24 + 2*v**2 - 113*v. Let l = -13 + 9. Give r(l).
-4
Let n(p) = p**3 + 4*p**2 - 4*p + 7. Let i = -238 + 233. Give n(i).
2
Let o(a) = 5*a**3 - 4*a**3 + 13*a**2 - 5*a**2 + 0*a**3 - 6. Determine o(-8).
-6
Let d(n) be the third derivative of -n**6/120 - n**5/4 - 7*n**4/12 - n**3/6 + 58*n**2. Give d(-14).
-1
Let p(z) be the first derivative of 70 - 7/2*z**2 + 4*z + 1/3*z**3. Let r(j) = -j + 9. Let i be r(4). Give p(i).
-6
Let d(c) = c**3 - 11*c**2 - 64*c + 710. Let k be d(11). Let h(s) be the third derivative of s**4/12 + s**3 + s**2. Determine h(k).
18
Let o = 10 + -8. Let q(y) = -5*y**3 - y + 20 - 18 - 5*y**o + 4*y**3. What is q(-5)?
7
Let d be (1/3 + 0)/(4/36). Let w be (d + -2)*(-5 + (-1)/(-1)). Let r(x) be the second derivative of -x**4/12 - x**3/6 + x**2 + x. What is r(w)?
-10
Let p(t) = t**3 - 7*t**2 - 7*t + 5. Let b(m) = -2*m**3 + 20*m**2 + 20*m - 14. Let w(c) = -6*b(c) - 17*p(c). Determine w(-1).
4
Suppose -3*n - 11 = -17, 4*n = -2*v + 18. Let z(a) = a**2 - 3*a - 14. Give z(v).
-4
Suppose -3*u + 17 - 56 = 0. Let r = -9 - u. Let v(i) = r*i - i - 8*i**2 + 0*i - 4*i. Give v(-1).
-7
Let j be 5/8 + 48/128. Let c(l) be the second derivative of 0 + 0*l**3 + l + 1/12*l**4 + 1/4*l**5 + 0*l**2. Give c(j).
6
Let u(v) = -v - 8. Let w(s) = -3*s**2 - 71*s - 136. Let h be w(-2). What is u(h)?
-2
Let i = -39 - -42. Suppose 0 = 2*k + i*r, -5*r = 2*k - k. Let f(v) = -v**2 + v + 5. Determine f(k).
5
Let m(p) = p + 8. Let r be m(-11). Let t(c) be the first derivative of 1/2*c**2 + 2/3*c**3 + 7 - 4*c. Give t(r).
11
Let k(r) = r**3 - 4*r**2 + 6*r - 1. Let b be 7 + 37/(-5) - 54/(-10). Suppose -25 = b*f - 45. Calculate k(f).
23
Let u be (2/16)/((-2)/(-8)). Let k(x) be the second derivative of 0 + 3*x + 1/6*x**3 - u*x**2. What is k(0)?
-1
Let u = -39 + 69. Suppose -4*d - u = d. Let y(j) = -9*j + 1. Let s(p) = -14*p + 2. Let g(q) = -5*s(q) + 8*y(q). Determine g(d).
10
Let f(i) = 4*i - 3. Let y = 218 - 218. Give f(y).
-3
Let i(f) = 6 + 3*f**2 + 8*f**2 - 10*f - 10*f**2. Calculate i(9).
-3
Let z(i) be the second derivative of i**4/6 - i**3/6 - i**2/2 + 3*i. Let r be z(-1). Let b be r + (-2 - 2 - -2). Let x(k) = -k**2 + 1. What is x(b)?
1
Let w(o) = 7*o**2 + o + 1. Let c(x) = -x**2 - x. Let m(j) = -14*j**2 - 2*j - 2. Let p(v) = c(v) + m(v). Let t(d) = -2*p(d) - 5*w(d). What is t(1)?
-5
Suppose -2*g + 42 = -4. Let a = g + -29. Let i(v) = 2*v**2 + 0*v + 6 + 8*v - v**2. Calculate i(a).
-6
Let j(x) = -2*x**3. Let y(i) = -5*i**3 - 6*i**2 - 4. Let a(w) = 2*j(w) - y(w). Let o = 19 - 24. Determine a(o).
29
Let x be 8/(-14) + (9 - (-34)/(-14)). Let a(y) = -y**3 + 5*y**2 + 3*y + 7. Give a(x).
-11
Let o = 40 - 0. Suppose o = 5*i - i. Let v be ((-4)/6)/(i/(-45)). Let y(r) = -r**3 + 3*r**2 - 5*r + 2. Calculate y(v).
-13
Let n(z) = 33*z - 3 + 3*z**2 - 43*z + 6*z. What is n(-2)?
17
Let u(v) be the first derivative of 1/2*v**2 + 0*v + 1/3*v**3 + 1. Determine u(-1).
0
Let l = -139 + 288. Let c = l + -154. Let d(j) = j**3 + 4*j**2 - j + 6. Determine d(c).
-14
Let j(l) = 0*l**2 + 20 - 95*l + 6*l**2 + 10 - 5*l**2 + 82*l. Calculate j(11).
8
Let i(r) = -2 - 10*r**2 + 20*r**2 + 10*r - 3 - 9*r**2. Calculate i(-8).
-21
Let h(v) = -66464 - 3*v - v**2 + 66464. Give h(-6).
-18
Let h(m) = m**2 - 6*m + 7. Let v = 707 + -698. Let p(w) = 4*w**2 + 8*w + 19. Let c(f) = -f**2 - 1. Let q(n) = 5*c(n) + p(n). Let l be q(v). Calculate h(l).
2
Let t(k) = -k**3 - 8*k**2 + 17*k - 4. Let g(n) = -4*n**3 - 23*n**2 + 51*n - 12. Let x(v) = -2*g(v) + 7*t(v). Determine x(8).
4
Let h(d) = -d + 3. Let c be -10 + 5 - (-1 - 1). Let x be h(c). Let f(w) = -11 - x + 2*w + 18 - 10*w**2. What is f(-1)?
-11
Let z = 7 - 2. Let s be (-3)/3 - -3*1. Let f(d) = 3*d**2 + 3*d - d**3 - 11 + d**s + 17. Calculate f(z).
-4
Suppose -10 = -3*m + 38. Let f be (-3)/(-12) + 28/m. Let j(n) = 2*n**3 - 4*n**3 - 3 - 4*n**2 + f + 3*n**3 - 5*n. Give j(5).
-1
Let s(f) be the first derivative of -f**4/2 - 2*f**3/3 + 3*f**2/2 + 3*f - 2. Let l(o) = -2*o**2 - 16*o - 32. Let w be l(-5). Give s(w).
5
Let t(s) be the first derivative of -12*s + 1/3*s**3 - 3 + 1/2*s**2. Let z = 1 - 1. Calculate t(z).
-12
Let i(w) = w**3 + 2*w**2 - 6*w - 5. Le